{"id":79,"date":"2026-01-20T09:52:31","date_gmt":"2026-01-20T12:52:31","guid":{"rendered":"http:\/\/stonedigital.com.br\/?page_id=79"},"modified":"2026-01-25T11:03:12","modified_gmt":"2026-01-25T14:03:12","slug":"portifolio","status":"publish","type":"page","link":"https:\/\/stonedigital.com.br\/?page_id=79","title":{"rendered":"Portifolio"},"content":{"rendered":"\t\t<div data-elementor-type=\"wp-page\" data-elementor-id=\"79\" class=\"elementor elementor-79\" data-elementor-post-type=\"page\">\n\t\t\t\t\t\t<section class=\"elementor-section elementor-top-section elementor-element elementor-element-475dde44 elementor-section-boxed elementor-section-height-default elementor-section-height-default\" data-id=\"475dde44\" data-element_type=\"section\" data-settings=\"{&quot;background_background&quot;:&quot;classic&quot;}\">\n\t\t\t\t\t\t<div class=\"elementor-container elementor-column-gap-default\">\n\t\t\t\t\t<div class=\"elementor-column elementor-col-100 elementor-top-column elementor-element elementor-element-7e45a140\" data-id=\"7e45a140\" data-element_type=\"column\">\n\t\t\t<div class=\"elementor-widget-wrap elementor-element-populated\">\n\t\t\t\t\t\t<section class=\"elementor-section elementor-inner-section elementor-element elementor-element-99b6b38 elementor-section-boxed elementor-section-height-default elementor-section-height-default\" data-id=\"99b6b38\" data-element_type=\"section\">\n\t\t\t\t\t\t<div class=\"elementor-container elementor-column-gap-default\">\n\t\t\t\t\t<div class=\"elementor-column elementor-col-100 elementor-inner-column elementor-element elementor-element-66646959\" data-id=\"66646959\" data-element_type=\"column\">\n\t\t\t<div class=\"elementor-widget-wrap elementor-element-populated\">\n\t\t\t\t\t\t<div class=\"elementor-element elementor-element-653f0a09 elementor-widget__width-initial elementor-invisible elementor-widget elementor-widget-heading\" data-id=\"653f0a09\" data-element_type=\"widget\" data-settings=\"{&quot;_animation&quot;:&quot;fadeInUp&quot;}\" data-widget_type=\"heading.default\">\n\t\t\t\t\t<h1 class=\"elementor-heading-title elementor-size-default\">Portifolio &amp; Estrutura<\/h1>\t\t\t\t<\/div>\n\t\t\t\t<div class=\"elementor-element elementor-element-707fde49 elementor-invisible elementor-widget elementor-widget-heading\" data-id=\"707fde49\" data-element_type=\"widget\" data-settings=\"{&quot;_animation&quot;:&quot;fadeInUp&quot;,&quot;_animation_delay&quot;:200}\" data-widget_type=\"heading.default\">\n\t\t\t\t\t<h3 class=\"elementor-heading-title elementor-size-default\">Nossa Estrutura \u00e9 Nossa Historia<\/h3>\t\t\t\t<\/div>\n\t\t\t\t\t<\/div>\n\t\t<\/div>\n\t\t\t\t\t<\/div>\n\t\t<\/section>\n\t\t\t\t\t<\/div>\n\t\t<\/div>\n\t\t\t\t\t<\/div>\n\t\t<\/section>\n\t\t\t\t<section class=\"elementor-section elementor-top-section elementor-element elementor-element-14735f0f elementor-section-boxed elementor-section-height-default elementor-section-height-default\" data-id=\"14735f0f\" data-element_type=\"section\">\n\t\t\t\t\t\t<div class=\"elementor-container elementor-column-gap-default\">\n\t\t\t\t\t<div class=\"elementor-column elementor-col-100 elementor-top-column elementor-element elementor-element-6d17cf69\" data-id=\"6d17cf69\" data-element_type=\"column\">\n\t\t\t<div class=\"elementor-widget-wrap elementor-element-populated\">\n\t\t\t\t\t\t<section class=\"elementor-section elementor-inner-section elementor-element elementor-element-5a71dc64 elementor-section-boxed elementor-section-height-default elementor-section-height-default\" data-id=\"5a71dc64\" data-element_type=\"section\">\n\t\t\t\t\t\t<div class=\"elementor-container elementor-column-gap-default\">\n\t\t\t\t\t<div class=\"elementor-column elementor-col-100 elementor-inner-column elementor-element elementor-element-4c03cebb elementor-invisible\" data-id=\"4c03cebb\" data-element_type=\"column\" data-settings=\"{&quot;animation&quot;:&quot;fadeInDown&quot;}\">\n\t\t\t<div class=\"elementor-widget-wrap elementor-element-populated\">\n\t\t\t\t\t\t<div class=\"elementor-element elementor-element-2fa2e576 elementor-widget elementor-widget-heading\" data-id=\"2fa2e576\" data-element_type=\"widget\" data-widget_type=\"heading.default\">\n\t\t\t\t\t<h3 class=\"elementor-heading-title elementor-size-default\">Conhe\u00e7a nosso trabalho, Nossos cliente e parceiros<\/h3>\t\t\t\t<\/div>\n\t\t\t\t<div class=\"elementor-element elementor-element-45816806 elementor-widget elementor-widget-heading\" data-id=\"45816806\" data-element_type=\"widget\" data-widget_type=\"heading.default\">\n\t\t\t\t\t<h2 class=\"elementor-heading-title elementor-size-default\">Projetos que refletem nossa experi\u00eancia e estrutura.<\/h2>\t\t\t\t<\/div>\n\t\t\t\t\t<\/div>\n\t\t<\/div>\n\t\t\t\t\t<\/div>\n\t\t<\/section>\n\t\t\t\t<section class=\"elementor-section elementor-inner-section elementor-element elementor-element-769f4a90 elementor-section-boxed elementor-section-height-default elementor-section-height-default elementor-invisible\" data-id=\"769f4a90\" data-element_type=\"section\" data-settings=\"{&quot;animation&quot;:&quot;fadeIn&quot;,&quot;animation_delay&quot;:300}\">\n\t\t\t\t\t\t<div class=\"elementor-container elementor-column-gap-default\">\n\t\t\t\t\t<div class=\"elementor-column elementor-col-33 elementor-inner-column elementor-element elementor-element-464d1b18\" data-id=\"464d1b18\" data-element_type=\"column\">\n\t\t\t<div class=\"elementor-widget-wrap elementor-element-populated\">\n\t\t\t\t\t\t<div class=\"elementor-element elementor-element-ed4942e elementor-widget elementor-widget-image\" data-id=\"ed4942e\" data-element_type=\"widget\" data-widget_type=\"image.default\">\n\t\t\t\t\t\t\t\t\t\t\t\t\t\t\t<img decoding=\"async\" width=\"150\" height=\"150\" src=\"https:\/\/stonedigital.com.br\/wp-content\/uploads\/2026\/01\/logo2-150x150.jpg\" class=\"attachment-thumbnail size-thumbnail wp-image-370\" alt=\"\" \/>\t\t\t\t\t\t\t\t\t\t\t\t\t\t\t<\/div>\n\t\t\t\t<div class=\"elementor-element elementor-element-7cd3fc8b elementor-cta--skin-cover elementor-cta--valign-bottom elementor-bg-transform elementor-bg-transform-zoom-in elementor-widget elementor-widget-call-to-action\" data-id=\"7cd3fc8b\" data-element_type=\"widget\" data-widget_type=\"call-to-action.default\">\n\t\t\t\t\t\t\t<div class=\"elementor-cta\">\n\t\t\t\t\t<div class=\"elementor-cta__bg-wrapper\">\n\t\t\t\t<div class=\"elementor-cta__bg elementor-bg\" style=\"background-image: url();\" role=\"img\" aria-label=\"\"><\/div>\n\t\t\t\t<div class=\"elementor-cta__bg-overlay\"><\/div>\n\t\t\t<\/div>\n\t\t\t\t\t\t\t<div class=\"elementor-cta__content\">\n\t\t\t\t\n\t\t\t\t\t\t\t\t\t<h3 class=\"elementor-cta__title elementor-cta__content-item elementor-content-item\">\n\t\t\t\t\t\tModelo de Site Institucional\t\t\t\t\t<\/h3>\n\t\t\t\t\n\t\t\t\t\n\t\t\t\t\t\t\t\t\t<div class=\"elementor-cta__button-wrapper elementor-cta__content-item elementor-content-item \">\n\t\t\t\t\t<a class=\"elementor-cta__button elementor-button elementor-size-\" href=\"http:\/\/www.visiteventos.com.br\" target=\"_blank\">\n\t\t\t\t\t\tAcesse\t\t\t\t\t<\/a>\n\t\t\t\t\t<\/div>\n\t\t\t\t\t\t\t<\/div>\n\t\t\t\t\t\t<\/div>\n\t\t\t\t\t\t<\/div>\n\t\t\t\t\t<\/div>\n\t\t<\/div>\n\t\t\t\t<div class=\"elementor-column elementor-col-33 elementor-inner-column elementor-element elementor-element-0e9e7ab\" data-id=\"0e9e7ab\" data-element_type=\"column\">\n\t\t\t<div class=\"elementor-widget-wrap elementor-element-populated\">\n\t\t\t\t\t\t<div class=\"elementor-element elementor-element-c5b953e elementor-widget elementor-widget-image\" data-id=\"c5b953e\" data-element_type=\"widget\" data-widget_type=\"image.default\">\n\t\t\t\t\t\t\t\t\t\t\t\t\t\t\t<img decoding=\"async\" width=\"150\" height=\"150\" src=\"https:\/\/stonedigital.com.br\/wp-content\/uploads\/2026\/01\/logo2-150x150.png\" class=\"attachment-thumbnail size-thumbnail wp-image-368\" alt=\"\" srcset=\"https:\/\/stonedigital.com.br\/wp-content\/uploads\/2026\/01\/logo2-150x150.png 150w, https:\/\/stonedigital.com.br\/wp-content\/uploads\/2026\/01\/elementor\/thumbs\/logo2-ri6dw0b07pg2teuua9lduduv7kczygmktsn3ym5ves.png 250w\" sizes=\"(max-width: 150px) 100vw, 150px\" \/>\t\t\t\t\t\t\t\t\t\t\t\t\t\t\t<\/div>\n\t\t\t\t<div class=\"elementor-element elementor-element-0371969 elementor-cta--skin-cover elementor-cta--valign-bottom elementor-bg-transform elementor-bg-transform-zoom-in elementor-widget elementor-widget-call-to-action\" data-id=\"0371969\" data-element_type=\"widget\" data-widget_type=\"call-to-action.default\">\n\t\t\t\t\t\t\t<div class=\"elementor-cta\">\n\t\t\t\t\t<div class=\"elementor-cta__bg-wrapper\">\n\t\t\t\t<div class=\"elementor-cta__bg elementor-bg\" style=\"background-image: url();\" role=\"img\" aria-label=\"\"><\/div>\n\t\t\t\t<div class=\"elementor-cta__bg-overlay\"><\/div>\n\t\t\t<\/div>\n\t\t\t\t\t\t\t<div class=\"elementor-cta__content\">\n\t\t\t\t\n\t\t\t\t\t\t\t\t\t<div class=\"elementor-cta__title elementor-cta__content-item elementor-content-item\">\n\t\t\t\t\t\tModelo de Landing Page\t\t\t\t\t<\/div>\n\t\t\t\t\n\t\t\t\t\n\t\t\t\t\t\t\t\t\t<div class=\"elementor-cta__button-wrapper elementor-cta__content-item elementor-content-item \">\n\t\t\t\t\t<a class=\"elementor-cta__button elementor-button elementor-size-\" href=\"http:\/\/www.jpmarketoficial.com.br\" target=\"_blank\">\n\t\t\t\t\t\tacesse\t\t\t\t\t<\/a>\n\t\t\t\t\t<\/div>\n\t\t\t\t\t\t\t<\/div>\n\t\t\t\t\t\t<\/div>\n\t\t\t\t\t\t<\/div>\n\t\t\t\t\t<\/div>\n\t\t<\/div>\n\t\t\t\t<div class=\"elementor-column elementor-col-33 elementor-inner-column elementor-element elementor-element-2728bad\" data-id=\"2728bad\" data-element_type=\"column\">\n\t\t\t<div class=\"elementor-widget-wrap elementor-element-populated\">\n\t\t\t\t\t\t<div class=\"elementor-element elementor-element-90c5554 elementor-widget elementor-widget-image\" data-id=\"90c5554\" data-element_type=\"widget\" data-widget_type=\"image.default\">\n\t\t\t\t\t\t\t\t\t\t\t\t\t\t\t<img decoding=\"async\" width=\"150\" height=\"147\" src=\"https:\/\/stonedigital.com.br\/wp-content\/uploads\/2026\/01\/logo-150x147.png\" class=\"attachment-thumbnail size-thumbnail wp-image-397\" alt=\"\" \/>\t\t\t\t\t\t\t\t\t\t\t\t\t\t\t<\/div>\n\t\t\t\t<div class=\"elementor-element elementor-element-b1fc4ab elementor-cta--skin-cover elementor-cta--valign-bottom elementor-bg-transform elementor-bg-transform-zoom-in elementor-widget elementor-widget-call-to-action\" data-id=\"b1fc4ab\" data-element_type=\"widget\" data-widget_type=\"call-to-action.default\">\n\t\t\t\t\t\t\t<div class=\"elementor-cta\">\n\t\t\t\t\t<div class=\"elementor-cta__bg-wrapper\">\n\t\t\t\t<div class=\"elementor-cta__bg elementor-bg\" style=\"background-image: url();\" role=\"img\" aria-label=\"\"><\/div>\n\t\t\t\t<div class=\"elementor-cta__bg-overlay\"><\/div>\n\t\t\t<\/div>\n\t\t\t\t\t\t\t<div class=\"elementor-cta__content\">\n\t\t\t\t\n\t\t\t\t\t\t\t\t\t<div class=\"elementor-cta__title elementor-cta__content-item elementor-content-item\">\n\t\t\t\t\t\tVitrine virtual\t\t\t\t\t<\/div>\n\t\t\t\t\n\t\t\t\t\n\t\t\t\t\t\t\t\t\t<div class=\"elementor-cta__button-wrapper elementor-cta__content-item elementor-content-item \">\n\t\t\t\t\t<a class=\"elementor-cta__button elementor-button elementor-size-\" href=\"https:\/\/moriahmultimarcas.com.br\/\" target=\"_blank\">\n\t\t\t\t\t\tacesse\t\t\t\t\t<\/a>\n\t\t\t\t\t<\/div>\n\t\t\t\t\t\t\t<\/div>\n\t\t\t\t\t\t<\/div>\n\t\t\t\t\t\t<\/div>\n\t\t\t\t\t<\/div>\n\t\t<\/div>\n\t\t\t\t\t<\/div>\n\t\t<\/section>\n\t\t<div class=\"elementor-element elementor-element-b2fc8a0 e-flex e-con-boxed e-con e-parent\" data-id=\"b2fc8a0\" data-element_type=\"container\">\n\t\t\t\t\t<div class=\"e-con-inner\">\n\t\t\t\t\t<\/div>\n\t\t\t\t<\/div>\n\t\t\t\t<section class=\"elementor-section elementor-inner-section elementor-element elementor-element-7e1a43ea elementor-section-boxed elementor-section-height-default elementor-section-height-default elementor-invisible\" data-id=\"7e1a43ea\" data-element_type=\"section\" data-settings=\"{&quot;animation&quot;:&quot;fadeIn&quot;,&quot;animation_delay&quot;:200}\">\n\t\t\t\t\t\t<div class=\"elementor-container elementor-column-gap-default\">\n\t\t\t\t\t<div class=\"elementor-column elementor-col-50 elementor-inner-column elementor-element elementor-element-7182cb34\" data-id=\"7182cb34\" data-element_type=\"column\">\n\t\t\t<div class=\"elementor-widget-wrap elementor-element-populated\">\n\t\t\t\t\t\t<div class=\"elementor-element elementor-element-f705c9d elementor-widget elementor-widget-text-editor\" data-id=\"f705c9d\" data-element_type=\"widget\" data-widget_type=\"text-editor.default\">\n\t\t\t\t\t\t\t\t\t<h4 data-start=\"255\" data-end=\"543\">Do In\u00edcio da Internet \u00e0 Era da Intelig\u00eancia Artificial<\/h4><p data-start=\"255\" data-end=\"543\">\u00a0<\/p><p data-start=\"255\" data-end=\"543\">A hist\u00f3ria da Stone Digital come\u00e7a no final dos anos 90, em uma \u00e9poca em que a internet ainda dava seus primeiros passos no Brasil. Naquele per\u00edodo, criar um site era um grande desafio. A tecnologia era limitada, os recursos eram escassos e a velocidade de conex\u00e3o era extremamente baixa.<\/p><p data-start=\"545\" data-end=\"884\">Trabalh\u00e1vamos com internet discada, downloads demorados, servidores inst\u00e1veis e poucas ferramentas dispon\u00edveis. Cada projeto exigia pesquisa, testes constantes e muita dedica\u00e7\u00e3o. N\u00e3o existiam plataformas prontas, construtores visuais ou automa\u00e7\u00f5es. Tudo era feito praticamente \u201cna m\u00e3o\u201d, com foco total em c\u00f3digo, estrutura e funcionamento.<\/p><p data-start=\"886\" data-end=\"1164\">Mesmo diante dessas dificuldades, seguimos evoluindo. Acompanhamos o surgimento da banda larga, dos primeiros sistemas de gerenciamento de conte\u00fado, da populariza\u00e7\u00e3o do WordPress, da computa\u00e7\u00e3o em nuvem, das ferramentas de design modernas e das plataformas de marketing digital.<\/p><p data-start=\"1166\" data-end=\"1446\">Ao longo dos anos, utilizamos e dominamos diferentes tecnologias, linguagens, servidores, sistemas e frameworks, sempre buscando atualiza\u00e7\u00e3o constante. Essa viv\u00eancia nos permitiu entender, na pr\u00e1tica, o que funciona, o que evolui e o que realmente gera resultado para as empresas.<\/p><p data-start=\"1448\" data-end=\"1695\">Hoje, vivemos a era da <strong data-start=\"1471\" data-end=\"1498\">Intelig\u00eancia Artificial<\/strong>, um dos maiores avan\u00e7os da hist\u00f3ria da tecnologia. A IA se tornou essencial para empresas modernas, especialmente para desenvolvedores, profissionais de marketing e criadores de solu\u00e7\u00f5es digitais.<\/p><p data-start=\"1697\" data-end=\"1953\">Na Stone Digital, utilizamos ferramentas avan\u00e7adas de intelig\u00eancia artificial, como o <strong data-start=\"1783\" data-end=\"1794\">ChatGPT<\/strong>, para apoiar nossos processos de cria\u00e7\u00e3o, an\u00e1lise, organiza\u00e7\u00e3o de conte\u00fado, estrutura\u00e7\u00e3o de projetos e desenvolvimento de solu\u00e7\u00f5es mais precisas e eficientes.<\/p><p data-start=\"1955\" data-end=\"2006\">O ChatGPT \u00e9 uma ferramenta poderosa porque permite:<\/p><ul data-start=\"2007\" data-end=\"2164\"><li data-start=\"2007\" data-end=\"2025\"><p data-start=\"2009\" data-end=\"2025\">otimizar tempo<\/p><\/li><li data-start=\"2026\" data-end=\"2051\"><p data-start=\"2028\" data-end=\"2051\">organizar informa\u00e7\u00f5es<\/p><\/li><li data-start=\"2052\" data-end=\"2086\"><p data-start=\"2054\" data-end=\"2086\">aprimorar textos e estrat\u00e9gias<\/p><\/li><li data-start=\"2087\" data-end=\"2126\"><p data-start=\"2089\" data-end=\"2126\">auxiliar no desenvolvimento t\u00e9cnico<\/p><\/li><li data-start=\"2127\" data-end=\"2164\"><p data-start=\"2129\" data-end=\"2164\">aumentar a qualidade dos projetos<\/p><\/li><\/ul><p data-start=\"2166\" data-end=\"2384\">Combinando nossa experi\u00eancia de mais de 25 anos com as tecnologias mais modernas, conseguimos entregar um trabalho que se aproxima da excel\u00eancia, unindo conhecimento humano, vis\u00e3o estrat\u00e9gica e intelig\u00eancia artificial.<\/p><p data-start=\"2386\" data-end=\"2646\">Acreditamos que acompanhar a evolu\u00e7\u00e3o da tecnologia n\u00e3o \u00e9 uma op\u00e7\u00e3o \u2014 \u00e9 uma responsabilidade. Por isso, seguimos investindo em inova\u00e7\u00e3o, capacita\u00e7\u00e3o e ferramentas de ponta, para garantir que nossos clientes estejam sempre um passo \u00e0 frente no ambiente digital.<\/p><p data-start=\"2648\" data-end=\"2844\">Na Stone Digital, nossa hist\u00f3ria \u00e9 feita de adapta\u00e7\u00e3o, aprendizado e evolu\u00e7\u00e3o cont\u00ednua. Do in\u00edcio da internet \u00e0 era da intelig\u00eancia artificial, seguimos estruturando o futuro digital das empresas.<\/p>\t\t\t\t\t\t\t\t<\/div>\n\t\t\t\t\t<\/div>\n\t\t<\/div>\n\t\t\t\t<div class=\"elementor-column elementor-col-50 elementor-inner-column elementor-element elementor-element-5376c681\" data-id=\"5376c681\" data-element_type=\"column\">\n\t\t\t<div class=\"elementor-widget-wrap elementor-element-populated\">\n\t\t\t\t\t\t<div class=\"elementor-element elementor-element-6c69772c elementor-widget elementor-widget-text-editor\" data-id=\"6c69772c\" data-element_type=\"widget\" data-widget_type=\"text-editor.default\">\n\t\t\t\t\t\t\t\t\t<h2 data-start=\"158\" data-end=\"171\">Quem Somos<\/h2><p data-start=\"173\" data-end=\"373\">A <strong data-start=\"175\" data-end=\"192\">Stone Digital<\/strong> atua no mercado desde o ano <strong data-start=\"221\" data-end=\"229\">2000<\/strong>, desenvolvendo solu\u00e7\u00f5es digitais e trabalhando por muitos anos de forma contratada para empresas, projetos e opera\u00e7\u00f5es de m\u00e9dio e grande porte.<\/p><p data-start=\"375\" data-end=\"718\">Ao longo dessa trajet\u00f3ria, adquirimos uma experi\u00eancia s\u00f3lida em <strong data-start=\"439\" data-end=\"465\">infraestrutura digital<\/strong>, desenvolvimento de sites, organiza\u00e7\u00e3o da presen\u00e7a online e suporte a estrat\u00e9gias digitais. Com o tempo, percebemos que esse conhecimento, antes acess\u00edvel principalmente a empresas maiores, tamb\u00e9m poderia \u2014 e deveria \u2014 chegar aos <strong data-start=\"696\" data-end=\"717\">pequenos neg\u00f3cios<\/strong>.<\/p><p data-start=\"720\" data-end=\"1026\">Por isso, decidimos levar nossa experi\u00eancia para empresas de todos os tamanhos, com o objetivo de <strong data-start=\"818\" data-end=\"859\">democratizar a infraestrutura digital<\/strong>. Nossa miss\u00e3o \u00e9 ajudar pequenas e m\u00e9dias empresas a serem encontradas no Google, organizarem sua presen\u00e7a online e crescerem de forma estruturada no ambiente digital.<\/p><p data-start=\"1028\" data-end=\"1347\">Com mais de <strong data-start=\"1040\" data-end=\"1066\">25 anos de experi\u00eancia<\/strong>, conseguimos transformar conhecimento t\u00e9cnico em solu\u00e7\u00f5es simples, eficientes e acess\u00edveis. Criamos sites, p\u00e1ginas e materiais digitais pensados para a realidade do pequeno neg\u00f3cio, com custos reduzidos e modelos claros, sem abrir m\u00e3o de qualidade, organiza\u00e7\u00e3o e profissionalismo.<\/p><p data-start=\"1349\" data-end=\"1532\">Na Stone Digital, acreditamos que crescer no digital come\u00e7a pela <strong data-start=\"1414\" data-end=\"1433\">estrutura certa<\/strong>, e nosso papel \u00e9 tornar isso poss\u00edvel para quem quer evoluir com seguran\u00e7a e vis\u00e3o de longo prazo.<\/p>\t\t\t\t\t\t\t\t<\/div>\n\t\t\t\t<div class=\"elementor-element elementor-element-0cfdbb5 elementor-widget elementor-widget-image\" data-id=\"0cfdbb5\" data-element_type=\"widget\" data-widget_type=\"image.default\">\n\t\t\t\t\t\t\t\t\t\t\t\t\t\t\t<img loading=\"lazy\" decoding=\"async\" width=\"683\" height=\"1024\" src=\"https:\/\/stonedigital.com.br\/wp-content\/uploads\/2026\/01\/36512ca5-fb20-4fd5-bfbb-80dfb1d2d855-683x1024.png\" class=\"attachment-large size-large wp-image-364\" alt=\"\" srcset=\"https:\/\/stonedigital.com.br\/wp-content\/uploads\/2026\/01\/36512ca5-fb20-4fd5-bfbb-80dfb1d2d855-683x1024.png 683w, https:\/\/stonedigital.com.br\/wp-content\/uploads\/2026\/01\/36512ca5-fb20-4fd5-bfbb-80dfb1d2d855-200x300.png 200w, https:\/\/stonedigital.com.br\/wp-content\/uploads\/2026\/01\/36512ca5-fb20-4fd5-bfbb-80dfb1d2d855-768x1152.png 768w, https:\/\/stonedigital.com.br\/wp-content\/uploads\/2026\/01\/36512ca5-fb20-4fd5-bfbb-80dfb1d2d855.png 1024w\" sizes=\"(max-width: 683px) 100vw, 683px\" \/>\t\t\t\t\t\t\t\t\t\t\t\t\t\t\t<\/div>\n\t\t\t\t\t<\/div>\n\t\t<\/div>\n\t\t\t\t\t<\/div>\n\t\t<\/section>\n\t\t\t\t\t<\/div>\n\t\t<\/div>\n\t\t\t\t\t<\/div>\n\t\t<\/section>\n\t\t\t\t<\/div>\n\t\t","protected":false},"excerpt":{"rendered":"<p>Portifolio &amp; Estrutura Nossa Estrutura \u00e9 Nossa Historia Conhe\u00e7a nosso trabalho, Nossos cliente e parceiros Projetos que refletem nossa experi\u00eancia e estrutura. Modelo de Site Institucional Acesse Modelo de Landing Page acesse Vitrine virtual acesse Do In\u00edcio da Internet \u00e0 Era da Intelig\u00eancia Artificial \u00a0 A hist\u00f3ria da Stone Digital come\u00e7a no final dos anos [&hellip;]<\/p>\n","protected":false},"author":1,"featured_media":0,"parent":0,"menu_order":0,"comment_status":"closed","ping_status":"closed","template":"elementor_header_footer","meta":{"footnotes":""},"class_list":["post-79","page","type-page","status-publish","hentry"],"_links":{"self":[{"href":"https:\/\/stonedigital.com.br\/index.php?rest_route=\/wp\/v2\/pages\/79","targetHints":{"allow":["GET"]}}],"collection":[{"href":"https:\/\/stonedigital.com.br\/index.php?rest_route=\/wp\/v2\/pages"}],"about":[{"href":"https:\/\/stonedigital.com.br\/index.php?rest_route=\/wp\/v2\/types\/page"}],"author":[{"embeddable":true,"href":"https:\/\/stonedigital.com.br\/index.php?rest_route=\/wp\/v2\/users\/1"}],"replies":[{"embeddable":true,"href":"https:\/\/stonedigital.com.br\/index.php?rest_route=%2Fwp%2Fv2%2Fcomments&post=79"}],"version-history":[{"count":55,"href":"https:\/\/stonedigital.com.br\/index.php?rest_route=\/wp\/v2\/pages\/79\/revisions"}],"predecessor-version":[{"id":409,"href":"https:\/\/stonedigital.com.br\/index.php?rest_route=\/wp\/v2\/pages\/79\/revisions\/409"}],"wp:attachment":[{"href":"https:\/\/stonedigital.com.br\/index.php?rest_route=%2Fwp%2Fv2%2Fmedia&parent=79"}],"curies":[{"name":"wp","href":"https:\/\/api.w.org\/{rel}","templated":true}]}}